?
False
Is 393133 prime?
False
Is 2078795 a prime number?
False
Is 103053 prime?
False
Is 76173 composite?
True
Is 4381 composite?
True
Is 8513 a composite number?
False
Is 18647 a composite number?
True
Is 3109 a composite number?
False
Is 42493 a composite number?
True
Is 361703 a composite number?
True
Is 28901 a prime number?
True
Is 1250771 composite?
False
Is 70043 a prime number?
False
Is 713389 composite?
False
Is 476953 composite?
True
Is 533989 a prime number?
True
Is 244999 a prime number?
False
Is 12137 composite?
True
Is 14269 prime?
False
Is 25015 a prime number?
False
Is 5624755 a prime number?
False
Is 6323 prime?
True
Is 8923 prime?
True
Is 21635 composite?
True
Is 971077 a composite number?
False
Is 1471 a prime number?
True
Is 498049 a composite number?
True
Is 14941 prime?
False
Is 57487 composite?
False
Is 71453 prime?
True
Is 3343151 a composite number?
True
Is 332615 a prime number?
False
Is 1558061 a composite number?
False
Is 4373 a prime number?
True
Is 1294301 a prime number?
True
Is 1941554 a prime number?
False
Is 12793 a prime number?
False
Is 5524867 a composite number?
False
Is 1688719 composite?
True
Is 260839 a prime number?
False
Is 821281 a prime number?
True
Is 691 a prime number?
True
Is 396667 composite?
False
Is 3869 a composite number?
True
Is 54647 composite?
False
Is 52939 prime?
False
Is 390953 prime?
True
Is 589327 a prime number?
True
Is 16871 composite?
False
Is 174039 prime?
False
Is 87177 composite?
True
Is 359557 composite?
True
Is 172619 a prime number?
True
Is 897334 a composite number?
True
Is 50891 composite?
False
Is 3833 a composite number?
False
Is 28429 a prime number?
True
Is 2116079 a composite number?
True
Is 1954873 a composite number?
False
Is 1217 a composite number?
False
Is 35753 a prime number?
True
Is 6761 a prime number?
True
Is 204749 a prime number?
True
Is 31087 a composite number?
True
Is 12849 a composite number?
True
Is 283939 prime?
False
Is 91909 a prime number?
True
Is 102859 a prime number?
True
Is 977 composite?
False
Is 184879 composite?
False
Is 54521 prime?
True
Is 88169 composite?
False
Is 1364395 composite?
True
Is 7559 a composite number?
False
Is 9329 a prime number?
False
Is 5179 a composite number?
False
Is 213821 composite?
False
Is 183431 a prime number?
False
Is 7663 composite?
True
Is 9017 a composite number?
True
Is 251 prime?
True
Is 80621 a prime number?
True
Is 6166451 a prime number?
True
Is 56983 prime?
True
Is 16127 a prime number?
True
Is 6043 prime?
True
Is 9731 a composite number?
True
Is 5623 a prime number?
True
Is 1753 composite?
False
Is 9071 composite?
True
Is 517 prime?
False
Is 19801 composite?
False
Is 19501 a prime number?
True
Is 162217 a prime number?
False
Is 14635 composite?
True
Is 28687 a prime number?
True
Is 9293 prime?
True
Is 79961 composite?
True
Is 662 a prime number?
False
Is 114187 composite?
True
Is 21685 a prime number?
False
Is 66293 prime?
True
Is 13093 prime?
True
Is 36749 a prime number?
True
Is 379859 prime?
True
Is 17419 a composite number?
False
Is 35411 a composite number?
True
Is 163973 prime?
True
Is 1121537 prime?
False
Is 167605 composite?
True
Is 21781 a prime number?
False
Is 274679 a prime number?
True
Is 742439 composite?
False
Is 2333 prime?
True
Is 133963 prime?
True
Is 5062 a composite number?
True
Is 5331 composite?
True
Is 262027 a composite number?
False
Is 605681 a prime number?
False
Is 793 prime?
False
Is 1945 composite?
True
Is 66959 prime?
True
Is 202641 prime?
False
Is 29779 a prime number?
False
Is 200699 a composite number?
False
Is 89035 a prime number?
False
Is 1795807 prime?
False
Is 42589 composite?
False
Is 30209 a composite number?
True
Is 3967 a prime number?
True
Is 4162 a composite number?
True
Is 723601 prime?
True
Is 608523 a prime number?
False
Is 6535 composite?
True
Is 81187 a prime number?
False
Is 741197 composite?
True
Is 4145 prime?
False
Is 6 a composite number?
True
Is 1087 a prime number?
True
Is 290959 a prime number?
True
Is 27427 a composite number?
False
Is 468817 a prime number?
True
Is 342579 a composite number?
True
Is 62635 prime?
False
Is 287719 composite?
True
Is 79063 composite?
False
Is 365567 composite?
False
Is 112741 prime?
True
Is 440434 composite?
True
Is 246971 a prime number?
True
Is 3251 a composite number?
False
Is 29339 a composite number?
False
Is 133141 prime?
False
Is 564089 composite?
False
Is 3709 a composite number?
False
Is 158161 a prime number?
True
Is 221437 prime?
False
Is 9784353 a composite number?
True
Is 332317 a composite number?
False
Is 154321 a composite number?
False
Is 46159 composite?
True
Is 267017 a prime number?
True
Is 2960245 composite?
True
Is 393 composite?
True
Is 196247 composite?
False
Is 1010387 prime?
False
Is 37463 composite?
False
Is 321221 prime?
True
Is 19202 prime?
False
Is 565783 composite?
True
Is 36609 prime?
False
Is 73221 composite?
True
Is 285431 a composite number?
True
Is 1056903 composite?
True
Is 226713 a composite number?
True
Is 115999 composite?
True
Is 331859 composite?
True
Is 3986 prime?
False
Is 12149 composite?
False
Is 5789 composite?
True
Is 81033 a composite number?
True
Is 121843 a prime number?
True
Is 78503 prime?
False
Is 90929 prime?
False
Is 10135 a composite number?
True
Is 32491 a composite number?
False
Is 766 a prime number?
False
Is 91111 a prime number?
False
Is 403609 prime?
False
Is 110419 composite?
False
Is 8407 a prime number?
False
Is 29105 a composite number?
True
Is 50927 prime?
False
Is 6541 a prime number?
False
Is 358637 a prime number?
True
Is 38149 a composite number?
False
Is 3709 composite?
False
Is 23557 a prime number?
True
Is 2477471 a composite number?
False
Is 6893 a prime number?
False
Is 6457 a composite number?
True
Is 7555 a prime number?
False
Is 13421 a composite number?
False
Is 9121 prime?
False
Is 25819 a composite number?
False
Is 93593 a prime number?
False
Is 9511 a prime number?
True
Is 52759 a prime number?
False
Is 223823 prime?
True
Is 233113 a composite number?
False
Is 433889 a prime number?
True
Is 15413 composite?
False
Is 36823 a prime number?
False
Is 34053 a prime number?
False
Is 5077 prime?
True
Is 83081 composite?
True
Is 3607 a composite number?
False
Is 79967 prime?
True
Is 10663 a prime number?
True
Is 499493 a composite number?
False
Is 165133 a prime number?
True
Is 42169 a composite number?
False
Is 1023877 composite?
True
Is 14107 composite?
False
Is 1909307 prime?
True
Is 4111 composite?
False
Is 6289 a prime number?
False
Is 3403 a prime number?
False
Is 1157747 composite?
False
Is 360089 a prime number?
True
Is 211997 composite?
False
Is 16538 prime?
False
Is 2789 prime?
True
Is 1409 a prime number?
True
Is 2161 a composite number?
False
Is 246329 a prime number?
True
Is 12381 prime?
False
Is 48073 a prime number?
True
Is 15278 a prime number?
False
Is 5897 a prime number?
True
Is 301013 composite?
False
Is 161153 composite?
True
Is 239779 composite?
False
Is 448369 a composite number?
True
Is 356441 a composite number?
False
Is 6609 composite?
True
Is 623 a prime number?
False
Is 2845 a composite number?
True
Is 1055 composite?
True
Is 6613 a prime number?
False
Is 23897 a prime number?
False
Is 84377 composite?
False
Is 11359 prime?
False
Is 374189 a composite number?
False
Is 4741 prime?
False
Is 10871 a composite number?
True
Is 696719 a prime number?
True
Is 2705 a composite number?
True
Is 118891 composite?
False
Is 156031 prime?
False
Is 114299 composite?
False
Is 12039 a prime number?
False
Is 2683855 composite?
True
Is 2131223 a composite number?
False
Is 64406 a composite number?
True
Is 226363 a composite number?
True
Is 164279 prime?
True
Is 1483987 a prime number?
True
Is 134429 composite?
True
Is 11981 prime?
True
Is 1343 composite?
True
Is 4259 composite?
False
Is 358531 a prime number?
True
Is 88411 composite?
False
Is 30883 a composite number?
True
Is 672703 composite?
False
Is 288179 a composite number?
False
Is 19811 prime?
False
Is 48301 prime?
False
Is 15293 prime?
False
Is 6197 prime?
True
Is 86321 prime?
False
Is 242863 a composite number?
False
Is 1323797 a composite number?
False
Is 10225751 a prime number?
True
Is 66211 a prime number?
False
Is 1143529 composite?
False
Is 4330717 a prime nu